{"id":406,"date":"2018-01-22T15:21:13","date_gmt":"2018-01-22T14:21:13","guid":{"rendered":"http:\/\/succulents.select-themes.com\/?page_id=406"},"modified":"2021-08-10T16:52:39","modified_gmt":"2021-08-10T14:52:39","slug":"yoga","status":"publish","type":"page","link":"https:\/\/yoga-niort.com\/index.php\/yoga\/","title":{"rendered":"Yoga"},"content":{"rendered":"<p>[vc_row row_content_width=&#8221;grid&#8221; disable_background_image=&#8221;&#8221; simple_background_image=&#8221;410&#8243; parallax_background_image=&#8221;5069&#8243; parallax_bg_height=&#8221;400px&#8221;][vc_column]<div class=\"qodef-elements-holder  qodef-eh-full-height qodef-one-column  qodef-responsive-mode-768 \" ><div class=\"qodef-eh-item    \"  data-item-class=\"qodef-eh-custom-6613\" data-768-1024=\"110px 29% 149px 0px\" data-680-768=\"112px 0% 154px 0px\" data-680=\"62px 0 110px 0px\">\n\t<div class=\"qodef-eh-item-inner\">\n\t\t<div class=\"qodef-eh-item-content qodef-eh-custom-6613\" style=\"padding: 132px 50% 154px 5px\">\n\t\t\t<h2 class=\"qodef-custom-font-holder  qodef-cf-4485  \" style=\"font-family: Quicksand;font-size: 65px;font-weight: 700;letter-spacing: 4px;color: #ffffff\" data-item-class=\"qodef-cf-4485\">\n\tNotre approche<\/h2>\n<span class=\"qodef-custom-font-subtitle\" style=\"font-size: 20px;line-height: 27px;font-weight: 300;color: #ffffff\"><\/span>\t\t<\/div>\n\t<\/div>\n<\/div><\/div>[\/vc_column][\/vc_row][vc_row row_content_width=&#8221;grid&#8221;][vc_column][vc_empty_space height=&#8221;60px&#8221;][\/vc_column][\/vc_row][vc_row row_content_width=&#8221;grid&#8221;][vc_column][\/vc_column][\/vc_row][vc_row row_content_width=&#8221;grid&#8221;][vc_column width=&#8221;1\/6&#8243;][\/vc_column][vc_column width=&#8221;2\/3&#8243;][vc_column_text]<\/p>\n<div class=\"page\" title=\"Page 1\">\n<div class=\"section\">\n<div class=\"layoutArea\">\n<div class=\"column\">\n<p><strong>Nous vous proposons des cours diffe\u0301rents (doux, interme\u0301diaires ou avance\u0301s) afin que chacun puisse \u00ab se sentir bien \u00bb. Les asa\u0300na, les postures de yoga, sont la\u0300 pour e\u0301tirer, tonifier, de\u0301tendre les muscles et mobiliser les articulations, elles pre\u0301parent le corps a\u0300 se rela\u0302cher et ouvrent les espaces inte\u0301rieurs.<\/strong><\/p>\n<p>Les placements, les alignements sont conscientise\u0301s, ve\u0301cus pour trouver un e\u0301quilibre, un aplomb ; tout en laissant la place a\u0300 la fluidite\u0301\u0301 a\u0300 l\u2019aisance, a\u0300 la vie&#8230;<\/p>\n<div class=\"page\" title=\"Page 1\">\n<div class=\"section\">\n<div class=\"layoutArea\">\n<div class=\"column\">\n<p>Parfois nous utilisons du mate\u0301riel de yoga (sangle, coussins, baleineau, chaise&#8230;) ce qui permet une progression pas a\u0300 pas, sans forcer. On ne cherche pas a\u0300 acque\u0301rir une posture mais a\u0300 de\u0301nouer ce qui entrave la circulation d\u2019e\u0301nergie, redonner de la mobilite\u0301, de la souplesse.<\/p>\n<div class=\"page\" title=\"Page 1\">\n<div class=\"section\">\n<div class=\"layoutArea\">\n<div class=\"column\">\n<p>L\u2019accent est mis dans la pre\u0301sence, la conscience pour observer notre attitude inte\u0301rieure pendant la pratique, le reflet de notre attitude au quotidien.<\/p>\n<div class=\"page\" title=\"Page 1\">\n<div class=\"layoutArea\">\n<div class=\"column\">\n<p>Les contenus des cours ou ceux des stages sont divers : des postures (asanas) statiques, des enchai\u0302nements sur le rythme de la respiration, les automassages, la pratique des sons ou des mantras, le pranayama, la concentration, la relaxation et la me\u0301ditation.<\/p>\n<p>Le va et vient du souffle, rythme le mouvement et le pra\u0300na\u0300ya\u0300ma approfondit la perception des e\u0301le\u0301ments plus subtils dont nous sommes compose\u0301s. Des textes sur le yoga sont parfois lus en fin de cours, ils nous invitent a\u0300 l\u2019e\u0301tude de cette philosophie mille\u0301naire et a\u0300 la recherche de soi.<\/p>\n<p>Les mots cle\u0301s de la pratique sont : patience et perse\u0301ve\u0301rance. \u00ab <em>Il nous faut une tasse de compre\u0301hension, un tonneau d\u2019amour, et un oce\u0301an de patience<\/em> \u00bb, Franc\u0327ois de Sales.<\/p>\n<\/div>\n<\/div>\n<\/div>\n<\/div>\n<\/div>\n<\/div>\n<\/div>\n<\/div>\n<\/div>\n<\/div>\n<\/div>\n<\/div>\n<\/div>\n<\/div>\n<\/div>\n<p>[\/vc_column_text][\/vc_column][vc_column width=&#8221;1\/6&#8243;][\/vc_column][\/vc_row][vc_row row_content_width=&#8221;grid&#8221; css=&#8221;.vc_custom_1519212907688{padding-top: 120px !important;padding-bottom: 40px !important;}&#8221;][vc_column width=&#8221;5\/6&#8243; offset=&#8221;vc_col-lg-offset-0 vc_col-lg-4 vc_col-md-offset-2 vc_col-md-8 vc_col-sm-offset-1 vc_col-xs-12&#8243;]<div class=\"qodef-iwt clearfix  qodef-iwt-icon-top qodef-iwt-icon-small\">\n\t<div class=\"qodef-iwt-icon\">\n\t\t\t\t\t\t\t\t\t<img width=\"100\" height=\"104\" src=\"https:\/\/yoga-niort.com\/wp-content\/uploads\/2021\/06\/Capture-de\u0301cran-2021-06-02-a\u0300-17.20.24-1-e1622649120291.png\" class=\"attachment-full size-full\" alt=\"\" loading=\"lazy\" \/>\t\t\t\t\t\t<\/div>\n\t<div class=\"qodef-iwt-content\" >\n\t\t\t\t\t<h3 class=\"qodef-iwt-title\" style=\"margin-top: 0px\">\n\t\t\t\t\t\t\t\t<span class=\"qodef-iwt-title-text\">Postures statiques<\/span>\n\t\t\t\t\t\t\t<\/h3>\n\t\t\t\t            <p class=\"qodef-iwt-text\" >De nombreuses asanas : debout, assis, inverse\u0301s, en extension, en flexion, en rotation... donne une stabilit\u00e9 corporelle et une sensation de bien \u00eatre psychologique.<\/p>\n        \t<\/div>\n<\/div>[vc_empty_space height=&#8221;65px&#8221;]<div class=\"qodef-iwt clearfix  qodef-iwt-icon-top qodef-iwt-icon-small\">\n\t<div class=\"qodef-iwt-icon\">\n\t\t\t\t\t\t\t\t\t<img width=\"70\" height=\"74\" src=\"https:\/\/yoga-niort.com\/wp-content\/uploads\/2021\/08\/mediatation-illu-e1628606661598.png\" class=\"attachment-full size-full\" alt=\"\" loading=\"lazy\" \/>\t\t\t\t\t\t<\/div>\n\t<div class=\"qodef-iwt-content\" >\n\t\t\t\t\t<h3 class=\"qodef-iwt-title\" style=\"margin-top: 0px\">\n\t\t\t\t\t\t\t\t<span class=\"qodef-iwt-title-text\">Me\u0301ditation<\/span>\n\t\t\t\t\t\t\t<\/h3>\n\t\t\t\t            <p class=\"qodef-iwt-text\" >Dans l&#039;approche de l\u2019Ashta\u0300nga yoga (yoga sutra de Patanjali) : le retrait des sens, l\u2019e\u0301coute inte\u0301rieure (Pratya\u0300ha\u0300ra) ; la concentration (Dha\u0300rana\u0300) ; vers l\u2019e\u0301tat de Dhya\u0302na ou la me\u0301ditation.<\/p>\n        \t<\/div>\n<\/div>[vc_empty_space height=&#8221;70px&#8221;][\/vc_column][vc_column width=&#8221;5\/6&#8243; offset=&#8221;vc_col-lg-offset-0 vc_col-lg-4 vc_col-md-offset-2 vc_col-md-8 vc_col-sm-offset-1 vc_col-xs-12&#8243;]<div class=\"qodef-iwt clearfix  qodef-iwt-icon-top qodef-iwt-icon-small\">\n\t<div class=\"qodef-iwt-icon\">\n\t\t\t\t\t\t\t\t\t<img width=\"100\" height=\"103\" src=\"https:\/\/yoga-niort.com\/wp-content\/uploads\/2021\/06\/Capture-de\u0301cran-2021-06-02-a\u0300-17.20.05-e1622648022262.png\" class=\"attachment-full size-full\" alt=\"\" loading=\"lazy\" \/>\t\t\t\t\t\t<\/div>\n\t<div class=\"qodef-iwt-content\" >\n\t\t\t\t\t<h3 class=\"qodef-iwt-title\" style=\"margin-top: 0px\">\n\t\t\t\t\t\t\t\t<span class=\"qodef-iwt-title-text\">Enchai\u0302nements<\/span>\n\t\t\t\t\t\t\t<\/h3>\n\t\t\t\t            <p class=\"qodef-iwt-text\" >Cr\u00e9er le lien entre terre et ciel, entre le corps, la t\u00eate et le coeur, la fluidit\u00e9 donne des \u00ab ailes \u00bb !<\/p>\n        \t<\/div>\n<\/div>[vc_empty_space height=&#8221;90px&#8221;]<div class=\"qodef-iwt clearfix  qodef-iwt-icon-top qodef-iwt-icon-small\">\n\t<div class=\"qodef-iwt-icon\">\n\t\t\t\t\t\t\t\t\t<img width=\"100\" height=\"102\" src=\"https:\/\/yoga-niort.com\/wp-content\/uploads\/2021\/06\/Capture-de\u0301cran-2021-06-02-a\u0300-17.20.09-e1622648810902.png\" class=\"attachment-full size-full\" alt=\"\" loading=\"lazy\" \/>\t\t\t\t\t\t<\/div>\n\t<div class=\"qodef-iwt-content\" >\n\t\t\t\t\t<h3 class=\"qodef-iwt-title\" style=\"margin-top: 0px\">\n\t\t\t\t\t\t\t\t<span class=\"qodef-iwt-title-text\">Pranayama<\/span>\n\t\t\t\t\t\t\t<\/h3>\n\t\t\t\t            <p class=\"qodef-iwt-text\" >Comprendre le syste\u0300me respiratoire, pratiquer la respiration consciente et rythme\u0301e, allonger le souffle ou le suspendre momentan\u00e9ment, s&#039;ouvrir \u00e0 l&#039;\u00e9nergie vitale (pr\u00e2na).<\/p>\n        \t<\/div>\n<\/div>[vc_empty_space height=&#8221;70px&#8221;][\/vc_column][vc_column width=&#8221;5\/6&#8243; offset=&#8221;vc_col-lg-offset-0 vc_col-lg-4 vc_col-md-offset-2 vc_col-md-8 vc_col-sm-offset-1 vc_col-xs-12&#8243;]<div class=\"qodef-iwt clearfix  qodef-iwt-icon-top qodef-iwt-icon-small\">\n\t<div class=\"qodef-iwt-icon\">\n\t\t\t\t\t\t\t\t\t<img width=\"100\" height=\"99\" src=\"https:\/\/yoga-niort.com\/wp-content\/uploads\/2021\/06\/Capture-de\u0301cran-2021-06-02-a\u0300-17.20.37-e1622648209781.png\" class=\"attachment-full size-full\" alt=\"\" loading=\"lazy\" \/>\t\t\t\t\t\t<\/div>\n\t<div class=\"qodef-iwt-content\" >\n\t\t\t\t\t<h3 class=\"qodef-iwt-title\" style=\"margin-top: 0px\">\n\t\t\t\t\t\t\t\t<span class=\"qodef-iwt-title-text\">Philosophie du yoga<\/span>\n\t\t\t\t\t\t\t<\/h3>\n\t\t\t\t            <p class=\"qodef-iwt-text\" >Lecture de textes, e\u0301tude des \u00ab yoga sutra de Patanjali \u00bb...<\/p>\n        \t<\/div>\n<\/div>[vc_empty_space height=&#8221;90px&#8221;]<div class=\"qodef-iwt clearfix  qodef-iwt-icon-top qodef-iwt-icon-small\">\n\t<div class=\"qodef-iwt-icon\">\n\t\t\t\t\t\t\t\t\t<img width=\"100\" height=\"100\" src=\"https:\/\/yoga-niort.com\/wp-content\/uploads\/2021\/08\/yoga-allonge\u0301-e1628605991437.jpeg\" class=\"attachment-full size-full\" alt=\"\" loading=\"lazy\" \/>\t\t\t\t\t\t<\/div>\n\t<div class=\"qodef-iwt-content\" >\n\t\t\t\t\t<h3 class=\"qodef-iwt-title\" style=\"margin-top: 0px\">\n\t\t\t\t\t\t\t\t<span class=\"qodef-iwt-title-text\">Relaxation<\/span>\n\t\t\t\t\t\t\t<\/h3>\n\t\t\t\t            <p class=\"qodef-iwt-text\" >Relaxation profonde et Yoga Nidra (sensations, souffle et visualisations).<\/p>\n        \t<\/div>\n<\/div>[vc_empty_space height=&#8221;70px&#8221;][\/vc_column][\/vc_row][vc_row row_content_width=&#8221;grid&#8221;][vc_column width=&#8221;1\/2&#8243;]<div class=\"qodef-single-image-holder   qodef-image-behavior-custom-link\">\n    <div class=\"qodef-si-inner\" >\n        \t            <a itemprop=\"url\" href=\"https:\/\/yoga-niort.com\/index.php\/yoga\/planning\/\" target=\"_self\">\n                                    <img width=\"2560\" height=\"1707\" src=\"https:\/\/yoga-niort.com\/wp-content\/uploads\/2021\/05\/Visuels-PageYoga-1-scaled.jpg\" class=\"attachment-full size-full\" alt=\"\" loading=\"lazy\" srcset=\"https:\/\/yoga-niort.com\/wp-content\/uploads\/2021\/05\/Visuels-PageYoga-1-scaled.jpg 2560w, https:\/\/yoga-niort.com\/wp-content\/uploads\/2021\/05\/Visuels-PageYoga-1-300x200.jpg 300w, https:\/\/yoga-niort.com\/wp-content\/uploads\/2021\/05\/Visuels-PageYoga-1-1024x683.jpg 1024w, https:\/\/yoga-niort.com\/wp-content\/uploads\/2021\/05\/Visuels-PageYoga-1-768x512.jpg 768w, https:\/\/yoga-niort.com\/wp-content\/uploads\/2021\/05\/Visuels-PageYoga-1-1536x1024.jpg 1536w, https:\/\/yoga-niort.com\/wp-content\/uploads\/2021\/05\/Visuels-PageYoga-1-600x400.jpg 600w\" sizes=\"(max-width: 2560px) 100vw, 2560px\" \/>                                <\/a>\n            <\/div>\n<\/div>[\/vc_column][vc_column width=&#8221;1\/2&#8243;]<div class=\"qodef-single-image-holder   qodef-image-behavior-custom-link\">\n    <div class=\"qodef-si-inner\" >\n        \t            <a itemprop=\"url\" href=\"https:\/\/yoga-niort.com\/index.php\/yoga\/tarifs\/\" target=\"_self\">\n                                    <img width=\"2560\" height=\"1707\" src=\"https:\/\/yoga-niort.com\/wp-content\/uploads\/2021\/05\/Visuels-PageYoga2-1-scaled.jpg\" class=\"attachment-full size-full\" alt=\"\" loading=\"lazy\" srcset=\"https:\/\/yoga-niort.com\/wp-content\/uploads\/2021\/05\/Visuels-PageYoga2-1-scaled.jpg 2560w, https:\/\/yoga-niort.com\/wp-content\/uploads\/2021\/05\/Visuels-PageYoga2-1-300x200.jpg 300w, https:\/\/yoga-niort.com\/wp-content\/uploads\/2021\/05\/Visuels-PageYoga2-1-1024x683.jpg 1024w, https:\/\/yoga-niort.com\/wp-content\/uploads\/2021\/05\/Visuels-PageYoga2-1-768x512.jpg 768w, https:\/\/yoga-niort.com\/wp-content\/uploads\/2021\/05\/Visuels-PageYoga2-1-1536x1024.jpg 1536w, https:\/\/yoga-niort.com\/wp-content\/uploads\/2021\/05\/Visuels-PageYoga2-1-600x400.jpg 600w\" sizes=\"(max-width: 2560px) 100vw, 2560px\" \/>                                <\/a>\n            <\/div>\n<\/div>[\/vc_column][\/vc_row][vc_row][vc_column][vc_empty_space height=&#8221;62px&#8221;][\/vc_column][\/vc_row]<\/p>\n","protected":false},"excerpt":{"rendered":"<p>[vc_row row_content_width=&#8221;grid&#8221; disable_background_image=&#8221;&#8221; simple_background_image=&#8221;410&#8243; parallax_background_image=&#8221;5069&#8243; parallax_bg_height=&#8221;400px&#8221;][vc_column][\/vc_column][\/vc_row][vc_row row_content_width=&#8221;grid&#8221;][vc_column][vc_empty_space height=&#8221;60px&#8221;][\/vc_column][\/vc_row][vc_row row_content_width=&#8221;grid&#8221;][vc_column][\/vc_column][\/vc_row][vc_row row_content_width=&#8221;grid&#8221;][vc_column width=&#8221;1\/6&#8243;][\/vc_column][vc_column width=&#8221;2\/3&#8243;][vc_column_text] Nous vous proposons des cours diffe\u0301rents (doux, interme\u0301diaires ou avance\u0301s) afin que chacun puisse \u00ab se sentir bien \u00bb. Les asa\u0300na, les postures de yoga, sont la\u0300 pour [&hellip;]<\/p>\n","protected":false},"author":1,"featured_media":0,"parent":0,"menu_order":0,"comment_status":"closed","ping_status":"closed","template":"full-width.php","meta":[],"_links":{"self":[{"href":"https:\/\/yoga-niort.com\/index.php\/wp-json\/wp\/v2\/pages\/406"}],"collection":[{"href":"https:\/\/yoga-niort.com\/index.php\/wp-json\/wp\/v2\/pages"}],"about":[{"href":"https:\/\/yoga-niort.com\/index.php\/wp-json\/wp\/v2\/types\/page"}],"author":[{"embeddable":true,"href":"https:\/\/yoga-niort.com\/index.php\/wp-json\/wp\/v2\/users\/1"}],"replies":[{"embeddable":true,"href":"https:\/\/yoga-niort.com\/index.php\/wp-json\/wp\/v2\/comments?post=406"}],"version-history":[{"count":34,"href":"https:\/\/yoga-niort.com\/index.php\/wp-json\/wp\/v2\/pages\/406\/revisions"}],"predecessor-version":[{"id":5174,"href":"https:\/\/yoga-niort.com\/index.php\/wp-json\/wp\/v2\/pages\/406\/revisions\/5174"}],"wp:attachment":[{"href":"https:\/\/yoga-niort.com\/index.php\/wp-json\/wp\/v2\/media?parent=406"}],"curies":[{"name":"wp","href":"https:\/\/api.w.org\/{rel}","templated":true}]}}